{"id":998,"date":"2016-03-08T11:19:51","date_gmt":"2016-03-08T11:19:51","guid":{"rendered":"http:\/\/60tesoros.usal.edu.ar\/?page_id=998"},"modified":"2016-04-07T14:27:01","modified_gmt":"2016-04-07T14:27:01","slug":"raite-doptique-sur-les-reflexions-refractions-inflexions","status":"publish","type":"page","link":"https:\/\/60tesoros.usal.edu.ar\/index.php\/raite-doptique-sur-les-reflexions-refractions-inflexions\/","title":{"rendered":"Trait\u00e9 d\u2019optique sur les reflexions, refractions, inflexions&#8230;"},"content":{"rendered":"<div data-vc-parallax=\"1.5\" class=\"vc_row wpb_row vc_row-fluid vc_custom_1457365379932 vc_general vc_parallax vc_parallax-content-moving\"><div class=\"wpb_column vc_column_container vc_col-sm-6\"><div class=\"wpb_wrapper\"><h2 style=\"color: #e2c790;text-align: left\" class=\"vc_custom_heading vc_custom_1457715645320\">Trait\u00e9 d\u2019optique sur les reflexions, refractions, inflexions, et les couleurs de la lumi\u00e8re<\/h2>\n\t<div class=\"wpb_text_column wpb_content_element \">\n\t\t<div class=\"wpb_wrapper\">\n\t\t\t<p>Esta obra est\u00e1 presente en la Exposici\u00f3n por ser un hito para la filosof\u00eda de la ciencia de principios del Siglo XVIII. La primera edici\u00f3n en ingl\u00e9s de <em>Trait\u00e9 d\u2019optique<\/em>\u2026 fue publicada en Londres en 1704 por Smith Y Walford. Newton (1642-1727) dio a conocer en vida dos ediciones m\u00e1s y hubo otra p\u00f3stuma. La segunda edici\u00f3n ampliada y corregida fue impresa por W. and J. Innys en 1718. La tercera edici\u00f3n es de 1721 y la versi\u00f3n p\u00f3stuma se edit\u00f3 en 1730. Adem\u00e1s aparecieron dos ediciones en lat\u00edn. El ejemplar de la Biblioteca Hist\u00f3rica de la USAL corresponde a la segunda edici\u00f3n francesa de 1722 que presenta diferencias respecto de la precedente en cuanto al contenido y la calidad de impresi\u00f3n. El traductor, Pierre Coste, fue tambi\u00e9n un destacado impresor protestante. Montalant, impresor y librero de Par\u00eds edit\u00f3 este ejemplar. En la portada aparece su sello editorial. Se destacan las vi\u00f1etas, iniciales y l\u00e1minas pertenecientes al per\u00edodo rococ\u00f3 de la historia del libro. La t\u00e9cnica es el grabado en cobre muy caracter\u00edstica en la ilustraci\u00f3n del libro en los siglos XVII y XVIII. Las vi\u00f1etas cabeceras o fleurons fueron dibujadas por Jean Chaufourier, conocido paisajista y grabador de la \u00e9poca. Se observa una inscripci\u00f3n manuscrita en la portada: \u201cabb\u00e9 De Rochon\u201d, referencia a Alexis-Marie De Rochon, f\u00edsico y astr\u00f3nomo franc\u00e9s, inventor del prisma polarizador.<\/p>\n<p><strong>Trait\u00e9 d\u2019optique sur les reflexions, refractions, inflexions, et les couleurs de la lumi\u00e8re \/ par Monsieur Le Chevalier Newton; traduit par M. Coste. 2e ed. corr. Paris : Montalant, 1722. [20], 595 p.: il.; 4\u00ba (25 cm).<\/strong><\/p>\n\n\t\t<\/div>\n\t<\/div>\n<div class=\"vc_btn3-container  boton_borde vc_btn3-left\"><a class=\"vc_general vc_btn3 vc_btn3-size-md vc_btn3-shape-rounded vc_btn3-style-outline vc_btn3-icon-right vc_btn3-color-inverse\" href=\"http:\/\/60tesoros.usal.edu.ar\/index.php\/colecciones-especiales\/\" title=\"\" target=\"_self\">Volver a Colecciones Especiales <i class=\"vc_btn3-icon fa fa-share\"><\/i><\/a><\/div>\n<\/div><\/div><div class=\"wpb_column vc_column_container vc_col-sm-6\"><div class=\"wpb_wrapper\">\n\t<div class=\"wpb_single_image wpb_content_element vc_align_center  vc_custom_1457722286475\">\n\t\t<div class=\"wpb_wrapper\">\n\t\t\t\n\t\t\t<a class=\"prettyphoto\" rel=\"prettyPhoto[rel-998-461644788]\" href=\"https:\/\/60tesoros.usal.edu.ar\/wp-content\/uploads\/2016\/03\/traite.jpg\" target=\"_self\"><div class=\"vc_single_image-wrapper vc_box_rounded  vc_box_border_grey\"><img class=\"vc_single_image-img \" src=\"https:\/\/60tesoros.usal.edu.ar\/wp-content\/uploads\/2016\/03\/traite.jpg\" width=\"530\" height=\"471\" alt=\"\" title=\"\" \/><\/div><\/a>\n\t\t<\/div>\n\t<\/div>\n<\/div><\/div><\/div><div class=\"vc_row wpb_row vc_row-fluid\"><div class=\"wpb_column vc_column_container vc_col-sm-12\"><div class=\"wpb_wrapper\"><!-- vc_grid start -->\n<div class=\"vc_grid-container-wrapper vc_clearfix\">\n\t<div class=\"vc_grid-container vc_clearfix wpb_content_element vc_media_grid\"\n\t\t data-vc-grid-settings=\"{&quot;page_id&quot;:998,&quot;style&quot;:&quot;all&quot;,&quot;action&quot;:&quot;vc_get_vc_grid_data&quot;,&quot;animation_in&quot;:&quot;zoomIn&quot;,&quot;shortcode_id&quot;:&quot;{failed_to_get_id:\\&quot;vc_gid:1457443017727-98aa1ec199b809c6bdb13803e9591f7d-7\\&quot;}&quot;,&quot;tag&quot;:&quot;vc_media_grid&quot;}\"\n\t\t data-vc-request=\"\/wp-admin\/admin-ajax.php\"\n\t\t data-vc-post-id=\"998\"\n\t\t data-vc-public-nonce=\"8ed1acebdb\">\n\t<\/div>\n<\/div><!-- vc_grid end -->\n\t<div class=\"wpb_text_column wpb_content_element \">\n\t\t<div class=\"wpb_wrapper\">\n\t\t\t<p style=\"text-align: center;\">Haga click en la imagen para agrandar<\/p>\n\n\t\t<\/div>\n\t<\/div>\n<\/div><\/div><\/div><div data-vc-full-width=\"true\" data-vc-full-width-init=\"false\" data-vc-stretch-content=\"true\" class=\"vc_row wpb_row vc_row-fluid vc_custom_1457440840599\"><div class=\"wpb_column vc_column_container vc_col-sm-12\"><div class=\"wpb_wrapper\"><!-- vc_grid start -->\n<div class=\"vc_grid-container-wrapper vc_clearfix\">\n\t<div class=\"vc_grid-container vc_clearfix wpb_content_element vc_basic_grid vc_custom_1457715608093\"\n\t\t data-vc-grid-settings=\"{&quot;page_id&quot;:998,&quot;style&quot;:&quot;pagination&quot;,&quot;action&quot;:&quot;vc_get_vc_grid_data&quot;,&quot;animation_in&quot;:&quot;&quot;,&quot;shortcode_id&quot;:&quot;{failed_to_get_id:\\&quot;vc_gid:1457443017843-b65e8b7c6f2652abe7b9ea2c5446d61c-5\\&quot;}&quot;,&quot;items_per_page&quot;:&quot;6&quot;,&quot;auto_play&quot;:true,&quot;gap&quot;:30,&quot;speed&quot;:5000,&quot;loop&quot;:&quot;yes&quot;,&quot;animation_out&quot;:&quot;&quot;,&quot;arrows_design&quot;:&quot;vc_arrow-icon-arrow_02_left&quot;,&quot;arrows_color&quot;:&quot;chino&quot;,&quot;arrows_position&quot;:&quot;inside&quot;,&quot;paging_design&quot;:&quot;none&quot;,&quot;paging_color&quot;:&quot;grey&quot;,&quot;tag&quot;:&quot;vc_basic_grid&quot;}\"\n\t\t data-vc-request=\"\/wp-admin\/admin-ajax.php\"\n\t\t data-vc-post-id=\"998\"\n\t\t data-vc-public-nonce=\"8ed1acebdb\">\n\t<\/div>\n<\/div><!-- vc_grid end --><\/div><\/div><\/div><div class=\"vc_row-full-width\"><\/div>\n","protected":false},"excerpt":{"rendered":"Trait\u00e9 d\u2019optique sur les reflexions, refractions, inflexions, et les couleurs de la lumi\u00e8re Esta obra est\u00e1 presente en la Exposici\u00f3n por ser [...]","protected":false},"author":2,"featured_media":0,"parent":0,"menu_order":44,"comment_status":"closed","ping_status":"closed","template":"","meta":{"ngg_post_thumbnail":0},"_links":{"self":[{"href":"https:\/\/60tesoros.usal.edu.ar\/index.php\/wp-json\/wp\/v2\/pages\/998"}],"collection":[{"href":"https:\/\/60tesoros.usal.edu.ar\/index.php\/wp-json\/wp\/v2\/pages"}],"about":[{"href":"https:\/\/60tesoros.usal.edu.ar\/index.php\/wp-json\/wp\/v2\/types\/page"}],"author":[{"embeddable":true,"href":"https:\/\/60tesoros.usal.edu.ar\/index.php\/wp-json\/wp\/v2\/users\/2"}],"replies":[{"embeddable":true,"href":"https:\/\/60tesoros.usal.edu.ar\/index.php\/wp-json\/wp\/v2\/comments?post=998"}],"version-history":[{"count":9,"href":"https:\/\/60tesoros.usal.edu.ar\/index.php\/wp-json\/wp\/v2\/pages\/998\/revisions"}],"predecessor-version":[{"id":1516,"href":"https:\/\/60tesoros.usal.edu.ar\/index.php\/wp-json\/wp\/v2\/pages\/998\/revisions\/1516"}],"wp:attachment":[{"href":"https:\/\/60tesoros.usal.edu.ar\/index.php\/wp-json\/wp\/v2\/media?parent=998"}],"curies":[{"name":"wp","href":"https:\/\/api.w.org\/{rel}","templated":true}]}}