{"id":988,"date":"2016-03-08T10:58:49","date_gmt":"2016-03-08T10:58:49","guid":{"rendered":"http:\/\/60tesoros.usal.edu.ar\/?page_id=988"},"modified":"2016-03-17T13:25:26","modified_gmt":"2016-03-17T13:25:26","slug":"in-diogenem","status":"publish","type":"page","link":"https:\/\/60tesoros.usal.edu.ar\/index.php\/in-diogenem\/","title":{"rendered":"In diogenem l\u00e6rtium \u00e6gidii menagii observations&#8230;"},"content":{"rendered":"<div data-vc-parallax=\"1.5\" class=\"vc_row wpb_row vc_row-fluid vc_custom_1457365379932 vc_general vc_parallax vc_parallax-content-moving\"><div class=\"wpb_column vc_column_container vc_col-sm-6\"><div class=\"wpb_wrapper\"><h2 style=\"font-size: 16pt;color: #e2c790;text-align: justify\" class=\"vc_custom_heading vc_custom_1457709591821\">In diogenem l\u00e6rtium \u00e6gidii menagii observations &#038; emendations, hac edition plurimun auct\u00e6. Quibus fubjungitur. Historia mulierum philosopharum codem menagio \u0283criptore. Accedunt \u0283oachimi k\u00fchnii in Diogenem l\u00e6rtium observations ut &#038; variants lectiones ex duobus codicibus mss. Cantabrigienfi &#038; Arundeliano, cum edition Aldobrandiniana collatis, quas nobifcum communicavit Vir Celeberr. Th Gale. Epistol\u00e6 &#038; pr\u00e6fationes, variis Diogenis L\u00e6rtii editionibus hactenus pr\u00e6fix\u00e6. Indices auctorum, rerum &#038; verborum locupletiffimi<\/h2>\n\t<div class=\"wpb_text_column wpb_content_element \">\n\t\t<div class=\"wpb_wrapper\">\n\t\t\t<p>Los dos vol\u00famenes, publicados en 1692 por Henricum Wetstenium en \u00c1msterdam, re\u00fanen distintas obras de y sobre Di\u00f3genes Laercio, autor de las <em>Vidas, opiniones y sentencias de los fil\u00f3sofos m\u00e1s ilustres<\/em>, el famoso compendio opinado sobre la historia de la filosof\u00eda griega y sus fil\u00f3sofos, desde los presocr\u00e1ticos hasta Epicuro. La obra, con t\u00edtulos en rojo y negro seguidos de una vi\u00f1eta ilustrada, incluye, por ejemplo, enmiendas y observaciones acerca del autor, una historia de las mujeres fil\u00f3sofas y una serie de ep\u00edstolas. El ejemplar que se conserva en la Biblioteca Hist\u00f3rica de la USAL posee asimismo una dedicatoria y, adem\u00e1s, distintas inscripciones manuscritas en castellano.<\/p>\n<p><strong>In diogenem l\u00e6rtium \u00e6gidii menagii observations &amp; emendations, hac edition plurimun auct\u00e6. Quibus fubjungitur. Historia mulierum philosopharum codem menagio \u0283criptore. Accedunt \u0283oachimi k\u00fchnii in Diogenem l\u00e6rtium observations ut &amp; variants lectiones ex duobus codicibus mss. Cantabrigienfi &amp; Arundeliano, cum edition Aldobrandiniana collatis, quas nobifcum communicavit Vir Celeberr. Th Gale. Epistol\u00e6 &amp; pr\u00e6fationes, variis Diogenis L\u00e6rtii editionibus hactenus pr\u00e6fix\u00e6. Indices auctorum, rerum &amp; verborum locupletiffimi. Amsteledaemi : Henricum Wetstenium, 1692. [654] p.; 4\u00ba (28 cm).<\/strong><\/p>\n\n\t\t<\/div>\n\t<\/div>\n<div class=\"vc_btn3-container  boton_borde vc_btn3-left\"><a class=\"vc_general vc_btn3 vc_btn3-size-md vc_btn3-shape-rounded vc_btn3-style-outline vc_btn3-icon-right vc_btn3-color-inverse\" href=\"http:\/\/60tesoros.usal.edu.ar\/index.php\/colecciones-especiales\/\" title=\"\" target=\"_self\">Volver a Colecciones Especiales <i class=\"vc_btn3-icon fa fa-share\"><\/i><\/a><\/div>\n<\/div><\/div><div class=\"wpb_column vc_column_container vc_col-sm-6\"><div class=\"wpb_wrapper\">\n\t<div class=\"wpb_single_image wpb_content_element vc_align_center  vc_custom_1457709635929\">\n\t\t<div class=\"wpb_wrapper\">\n\t\t\t\n\t\t\t<a class=\"prettyphoto\" rel=\"prettyPhoto[rel-988-754381954]\" href=\"https:\/\/60tesoros.usal.edu.ar\/wp-content\/uploads\/2016\/03\/in-diogenem2.jpg\" target=\"_self\"><div class=\"vc_single_image-wrapper vc_box_rounded  vc_box_border_grey\"><img class=\"vc_single_image-img \" src=\"https:\/\/60tesoros.usal.edu.ar\/wp-content\/uploads\/2016\/03\/in-diogenem2.jpg\" width=\"530\" height=\"471\" alt=\"\" title=\"\" \/><\/div><\/a>\n\t\t<\/div>\n\t<\/div>\n<\/div><\/div><\/div><div class=\"vc_row wpb_row vc_row-fluid\"><div class=\"wpb_column vc_column_container vc_col-sm-12\"><div class=\"wpb_wrapper\"><!-- vc_grid start -->\n<div class=\"vc_grid-container-wrapper vc_clearfix\">\n\t<div class=\"vc_grid-container vc_clearfix wpb_content_element vc_media_grid\"\n\t\t data-vc-grid-settings=\"{&quot;page_id&quot;:988,&quot;style&quot;:&quot;all&quot;,&quot;action&quot;:&quot;vc_get_vc_grid_data&quot;,&quot;animation_in&quot;:&quot;zoomIn&quot;,&quot;shortcode_id&quot;:&quot;{failed_to_get_id:\\&quot;vc_gid:1457441747123-916c16e7c82443c753bfcc9ec4ffac63-8\\&quot;}&quot;,&quot;tag&quot;:&quot;vc_media_grid&quot;}\"\n\t\t data-vc-request=\"\/wp-admin\/admin-ajax.php\"\n\t\t data-vc-post-id=\"988\"\n\t\t data-vc-public-nonce=\"7ad70e971e\">\n\t<\/div>\n<\/div><!-- vc_grid end -->\n\t<div class=\"wpb_text_column wpb_content_element \">\n\t\t<div class=\"wpb_wrapper\">\n\t\t\t<p style=\"text-align: center;\">Haga click en la imagen para agrandar<\/p>\n\n\t\t<\/div>\n\t<\/div>\n<\/div><\/div><\/div><div data-vc-full-width=\"true\" data-vc-full-width-init=\"false\" data-vc-stretch-content=\"true\" class=\"vc_row wpb_row vc_row-fluid vc_custom_1457440840599\"><div class=\"wpb_column vc_column_container vc_col-sm-12\"><div class=\"wpb_wrapper\"><!-- vc_grid start -->\n<div class=\"vc_grid-container-wrapper vc_clearfix\">\n\t<div class=\"vc_grid-container vc_clearfix wpb_content_element vc_basic_grid vc_custom_1457709667820\"\n\t\t data-vc-grid-settings=\"{&quot;page_id&quot;:988,&quot;style&quot;:&quot;pagination&quot;,&quot;action&quot;:&quot;vc_get_vc_grid_data&quot;,&quot;animation_in&quot;:&quot;&quot;,&quot;shortcode_id&quot;:&quot;{failed_to_get_id:\\&quot;vc_gid:1457441747205-592b4d3a9fbfcf1e452dd07001e423bb-7\\&quot;}&quot;,&quot;items_per_page&quot;:&quot;6&quot;,&quot;auto_play&quot;:true,&quot;gap&quot;:30,&quot;speed&quot;:5000,&quot;loop&quot;:&quot;yes&quot;,&quot;animation_out&quot;:&quot;&quot;,&quot;arrows_design&quot;:&quot;vc_arrow-icon-arrow_02_left&quot;,&quot;arrows_color&quot;:&quot;chino&quot;,&quot;arrows_position&quot;:&quot;inside&quot;,&quot;paging_design&quot;:&quot;none&quot;,&quot;paging_color&quot;:&quot;grey&quot;,&quot;tag&quot;:&quot;vc_basic_grid&quot;}\"\n\t\t data-vc-request=\"\/wp-admin\/admin-ajax.php\"\n\t\t data-vc-post-id=\"988\"\n\t\t data-vc-public-nonce=\"7ad70e971e\">\n\t<\/div>\n<\/div><!-- vc_grid end --><\/div><\/div><\/div><div class=\"vc_row-full-width\"><\/div>\n","protected":false},"excerpt":{"rendered":"In diogenem l\u00e6rtium \u00e6gidii menagii observations &#038; emendations, hac edition plurimun auct\u00e6. Quibus fubjungitur. Historia mulierum philosopharum codem menagio \u0283criptore. Accedunt \u0283oachimi [...]","protected":false},"author":2,"featured_media":0,"parent":0,"menu_order":41,"comment_status":"closed","ping_status":"closed","template":"","meta":{"ngg_post_thumbnail":0},"_links":{"self":[{"href":"https:\/\/60tesoros.usal.edu.ar\/index.php\/wp-json\/wp\/v2\/pages\/988"}],"collection":[{"href":"https:\/\/60tesoros.usal.edu.ar\/index.php\/wp-json\/wp\/v2\/pages"}],"about":[{"href":"https:\/\/60tesoros.usal.edu.ar\/index.php\/wp-json\/wp\/v2\/types\/page"}],"author":[{"embeddable":true,"href":"https:\/\/60tesoros.usal.edu.ar\/index.php\/wp-json\/wp\/v2\/users\/2"}],"replies":[{"embeddable":true,"href":"https:\/\/60tesoros.usal.edu.ar\/index.php\/wp-json\/wp\/v2\/comments?post=988"}],"version-history":[{"count":6,"href":"https:\/\/60tesoros.usal.edu.ar\/index.php\/wp-json\/wp\/v2\/pages\/988\/revisions"}],"predecessor-version":[{"id":1431,"href":"https:\/\/60tesoros.usal.edu.ar\/index.php\/wp-json\/wp\/v2\/pages\/988\/revisions\/1431"}],"wp:attachment":[{"href":"https:\/\/60tesoros.usal.edu.ar\/index.php\/wp-json\/wp\/v2\/media?parent=988"}],"curies":[{"name":"wp","href":"https:\/\/api.w.org\/{rel}","templated":true}]}}