{"id":917,"date":"2016-03-07T17:20:15","date_gmt":"2016-03-07T17:20:15","guid":{"rendered":"http:\/\/60tesoros.usal.edu.ar\/?page_id=917"},"modified":"2016-03-18T16:28:10","modified_gmt":"2016-03-18T16:28:10","slug":"anales-dramaticos-del-crimen","status":"publish","type":"page","link":"https:\/\/60tesoros.usal.edu.ar\/index.php\/anales-dramaticos-del-crimen\/","title":{"rendered":"Anales dram\u00e1ticos del crimen&#8230;"},"content":{"rendered":"<div data-vc-parallax=\"1.5\" class=\"vc_row wpb_row vc_row-fluid vc_custom_1457365379932 vc_general vc_parallax vc_parallax-content-moving\"><div class=\"wpb_column vc_column_container vc_col-sm-6\"><div class=\"wpb_wrapper\"><h2 style=\"font-size: 20pt;color: #e2c790;text-align: left\" class=\"vc_custom_heading vc_custom_1457461758483\">Anales dram\u00e1ticos del crimen : causas c\u00e9lebres espa\u00f1olas y extranjeras, estractadas de los originales y traducidas<\/h2>\n\t<div class=\"wpb_text_column wpb_content_element \">\n\t\t<div class=\"wpb_wrapper\">\n\t\t\t<p>Es una de las obras m\u00e1s conocidas de Jos\u00e9 de Vicente y Caravantes, jurisconsulto espa\u00f1ol de mediados del Siglo XIX, autor de un <em>C\u00f3digo Penal<\/em> con comentarios y tambi\u00e9n de un <em>Tratado elemental sobre negocios<\/em>. Estudi\u00f3 filosof\u00eda en Valencia y se doctor\u00f3 en la Universidad de Zaragoza. Publicados en Madrid, los cinco vol\u00famenes de sus <em>Anales dram\u00e1ticos del crimen\u2026<\/em> registran todos los detalles de numerosas contravenciones ocurridas tanto en Espa\u00f1a como en otros pa\u00edses, incluyendo grabados que ilustran los escenarios donde cada crimen tuvo lugar. Adem\u00e1s, el libro aporta retratos tanto de los perpetradores como de las v\u00edctimas y tambi\u00e9n profusas explicaciones de cada uno de los incidentes. El caso con el que abre el libro, por ejemplo, es una causa sobre tentativa de regicidio; un grabado ilustra una escena en la v\u00eda p\u00fablica y una leyenda aclara los hechos: \u201cSS, MM y AA pasando por la calle de Alcal\u00e1 en el acto de los disparos\u201d. El texto, debajo, dice: \u201cCabeza, coraz\u00f3n y alma del pueblo, llama, con tanta energ\u00eda como elocuencia, al monarca, una de las leyes de nuestro c\u00e9lebre las Siete Partidas, fund\u00e1ndose en que en el soberano reside la autoridad y la justicia\u201d.<\/p>\n<p><strong>Anales dram\u00e1ticos del crimen : causas c\u00e9lebres espa\u00f1olas y extranjeras, estractadas de los originales y traducidas \/ dirigido por Jos\u00e9 de Vicente y Caravantes. Madrid : Fernandez Gaspar, 1859-1861. 5 v. : il. ; 29 cm. Colecci\u00f3n Paz.<\/strong><\/p>\n\n\t\t<\/div>\n\t<\/div>\n<div class=\"vc_btn3-container  boton_borde vc_btn3-left\"><a class=\"vc_general vc_btn3 vc_btn3-size-md vc_btn3-shape-rounded vc_btn3-style-outline vc_btn3-icon-right vc_btn3-color-inverse\" href=\"http:\/\/60tesoros.usal.edu.ar\/index.php\/colecciones-particulares\/\" title=\"\" target=\"_self\">Volver a Colecciones Particulares <i class=\"vc_btn3-icon fa fa-share\"><\/i><\/a><\/div>\n<\/div><\/div><div class=\"wpb_column vc_column_container vc_col-sm-6\"><div class=\"wpb_wrapper\">\n\t<div class=\"wpb_single_image wpb_content_element vc_align_center  vc_custom_1457461797695\">\n\t\t<div class=\"wpb_wrapper\">\n\t\t\t\n\t\t\t<a class=\"prettyphoto\" rel=\"prettyPhoto[rel-917-757280856]\" href=\"https:\/\/60tesoros.usal.edu.ar\/wp-content\/uploads\/2016\/03\/anales1.jpg\" target=\"_self\"><div class=\"vc_single_image-wrapper vc_box_rounded  vc_box_border_grey\"><img class=\"vc_single_image-img \" src=\"https:\/\/60tesoros.usal.edu.ar\/wp-content\/uploads\/2016\/03\/anales1.jpg\" width=\"530\" height=\"471\" alt=\"\" title=\"\" \/><\/div><\/a>\n\t\t<\/div>\n\t<\/div>\n<\/div><\/div><\/div><div class=\"vc_row wpb_row vc_row-fluid\"><div class=\"wpb_column vc_column_container vc_col-sm-12\"><div class=\"wpb_wrapper\"><!-- vc_grid start -->\n<div class=\"vc_grid-container-wrapper vc_clearfix\">\n\t<div class=\"vc_grid-container vc_clearfix wpb_content_element vc_media_grid\"\n\t\t data-vc-grid-settings=\"{&quot;page_id&quot;:917,&quot;style&quot;:&quot;all&quot;,&quot;action&quot;:&quot;vc_get_vc_grid_data&quot;,&quot;animation_in&quot;:&quot;zoomIn&quot;,&quot;shortcode_id&quot;:&quot;{failed_to_get_id:\\&quot;vc_gid:1457377941640-9f063d1b65a757d7b11bbfe968c50ed0-3\\&quot;}&quot;,&quot;tag&quot;:&quot;vc_media_grid&quot;}\"\n\t\t data-vc-request=\"\/wp-admin\/admin-ajax.php\"\n\t\t data-vc-post-id=\"917\"\n\t\t data-vc-public-nonce=\"7a5bbaa05d\">\n\t<\/div>\n<\/div><!-- vc_grid end -->\n\t<div class=\"wpb_text_column wpb_content_element \">\n\t\t<div class=\"wpb_wrapper\">\n\t\t\t<p style=\"text-align: center;\">Haga click en la imagen para agrandar<\/p>\n\n\t\t<\/div>\n\t<\/div>\n<\/div><\/div><\/div><div data-vc-full-width=\"true\" data-vc-full-width-init=\"false\" data-vc-stretch-content=\"true\" class=\"vc_row wpb_row vc_row-fluid vc_custom_1457461870166\"><div class=\"wpb_column vc_column_container vc_col-sm-12\"><div class=\"wpb_wrapper\"><!-- vc_grid start -->\n<div class=\"vc_grid-container-wrapper vc_clearfix\">\n\t<div class=\"vc_grid-container vc_clearfix wpb_content_element vc_basic_grid vc_custom_1457461859582\"\n\t\t data-vc-grid-settings=\"{&quot;page_id&quot;:917,&quot;style&quot;:&quot;pagination&quot;,&quot;action&quot;:&quot;vc_get_vc_grid_data&quot;,&quot;animation_in&quot;:&quot;&quot;,&quot;shortcode_id&quot;:&quot;{failed_to_get_id:\\&quot;vc_gid:1457377941726-b3c120f53d8e2ccb9cbcb103173f9501-5\\&quot;}&quot;,&quot;items_per_page&quot;:&quot;6&quot;,&quot;auto_play&quot;:true,&quot;gap&quot;:30,&quot;speed&quot;:5000,&quot;loop&quot;:&quot;yes&quot;,&quot;animation_out&quot;:&quot;&quot;,&quot;arrows_design&quot;:&quot;vc_arrow-icon-arrow_02_left&quot;,&quot;arrows_color&quot;:&quot;chino&quot;,&quot;arrows_position&quot;:&quot;outside&quot;,&quot;paging_design&quot;:&quot;none&quot;,&quot;paging_color&quot;:&quot;grey&quot;,&quot;tag&quot;:&quot;vc_basic_grid&quot;}\"\n\t\t data-vc-request=\"\/wp-admin\/admin-ajax.php\"\n\t\t data-vc-post-id=\"917\"\n\t\t data-vc-public-nonce=\"7a5bbaa05d\">\n\t<\/div>\n<\/div><!-- vc_grid end --><\/div><\/div><\/div><div class=\"vc_row-full-width\"><\/div>\n","protected":false},"excerpt":{"rendered":"Anales dram\u00e1ticos del crimen : causas c\u00e9lebres espa\u00f1olas y extranjeras, estractadas de los originales y traducidas Es una de las obras m\u00e1s [...]","protected":false},"author":2,"featured_media":0,"parent":0,"menu_order":12,"comment_status":"closed","ping_status":"closed","template":"","meta":{"ngg_post_thumbnail":0},"_links":{"self":[{"href":"https:\/\/60tesoros.usal.edu.ar\/index.php\/wp-json\/wp\/v2\/pages\/917"}],"collection":[{"href":"https:\/\/60tesoros.usal.edu.ar\/index.php\/wp-json\/wp\/v2\/pages"}],"about":[{"href":"https:\/\/60tesoros.usal.edu.ar\/index.php\/wp-json\/wp\/v2\/types\/page"}],"author":[{"embeddable":true,"href":"https:\/\/60tesoros.usal.edu.ar\/index.php\/wp-json\/wp\/v2\/users\/2"}],"replies":[{"embeddable":true,"href":"https:\/\/60tesoros.usal.edu.ar\/index.php\/wp-json\/wp\/v2\/comments?post=917"}],"version-history":[{"count":7,"href":"https:\/\/60tesoros.usal.edu.ar\/index.php\/wp-json\/wp\/v2\/pages\/917\/revisions"}],"predecessor-version":[{"id":1468,"href":"https:\/\/60tesoros.usal.edu.ar\/index.php\/wp-json\/wp\/v2\/pages\/917\/revisions\/1468"}],"wp:attachment":[{"href":"https:\/\/60tesoros.usal.edu.ar\/index.php\/wp-json\/wp\/v2\/media?parent=917"}],"curies":[{"name":"wp","href":"https:\/\/api.w.org\/{rel}","templated":true}]}}