{"id":902,"date":"2016-03-07T16:47:59","date_gmt":"2016-03-07T16:47:59","guid":{"rendered":"http:\/\/60tesoros.usal.edu.ar\/?page_id=902"},"modified":"2016-03-18T16:26:19","modified_gmt":"2016-03-18T16:26:19","slug":"lart-de-perfectionner-lhomme-ou-de-la-medecine-spirituelle-et-morale","status":"publish","type":"page","link":"https:\/\/60tesoros.usal.edu.ar\/index.php\/lart-de-perfectionner-lhomme-ou-de-la-medecine-spirituelle-et-morale\/","title":{"rendered":"L\u2019art de perfectionner l\u2019homme ou de la m\u00e9decine spirituelle et morale"},"content":{"rendered":"<div data-vc-parallax=\"1.5\" class=\"vc_row wpb_row vc_row-fluid vc_custom_1457365379932 vc_general vc_parallax vc_parallax-content-moving\"><div class=\"wpb_column vc_column_container vc_col-sm-6\"><div class=\"wpb_wrapper\"><h2 style=\"color: #e2c790;text-align: left\" class=\"vc_custom_heading vc_custom_1457376104103\">L\u2019art de perfectionner l\u2019homme ou de la m\u00e9decine spirituelle et morale<\/h2>\n\t<div class=\"wpb_text_column wpb_content_element \">\n\t\t<div class=\"wpb_wrapper\">\n\t\t\t<p>En dos vol\u00famenes y editado en Par\u00eds en el a\u00f1o 1808, esta obra de Julien-Joseph Virey (1775-1846), un antrop\u00f3logo y naturalista de origen franc\u00e9s, autor de numerosos libros en el \u00e1rea de la medicina y la ciencia farmac\u00e9utica. Tambi\u00e9n form\u00f3 parte del equipo que reedit\u00f3 las obras completas de Georges Louis Leclerc, Conde de Buffon. Virey es considerado por algunos investigadores el padre fundador de la cronobiolog\u00eda aunque fue duramente criticado por su idea del origen end\u00f3geno de la ritmicidad. El primer tomo se adentra en los principios de la vida y de las facultades naturales, as\u00ed como tambi\u00e9n explica los elementos que constituyen el cuerpo humano y los principios de lo que Virey llama semi\u00f3tica moral e higiene moral. El tomo segundo comienza con un cap\u00edtulo dedicado a las relaciones f\u00edsicas y morales de los hombres; tambi\u00e9n ahonda en la relaci\u00f3n entre el lenguaje, el estilo y el car\u00e1cter moral, en las facultades intelectuales y en las disposiciones mentales relacionadas con la vocaci\u00f3n. El ejemplar presenta la nota administrativa que desde la \u00e9poca del Imperio un\u00eda a la Biblioteca con la funci\u00f3n de control de la imprenta.<\/p>\n<p><strong>L\u2019art de perfectionner l\u2019homme ou de la m\u00e9decine spirituelle et morale \/ J. J. Virey. Paris : Deterville, 1808. 2 v. ; 8\u00ba (21 cm.). Colecci\u00f3n Quiles.<\/strong><\/p>\n\n\t\t<\/div>\n\t<\/div>\n<div class=\"vc_btn3-container  boton_borde vc_btn3-left\"><a class=\"vc_general vc_btn3 vc_btn3-size-md vc_btn3-shape-rounded vc_btn3-style-outline vc_btn3-icon-right vc_btn3-color-inverse\" href=\"http:\/\/60tesoros.usal.edu.ar\/index.php\/colecciones-particulares\/\" title=\"\" target=\"_self\">Volver a Colecciones Particulares <i class=\"vc_btn3-icon fa fa-share\"><\/i><\/a><\/div>\n<\/div><\/div><div class=\"wpb_column vc_column_container vc_col-sm-6\"><div class=\"wpb_wrapper\">\n\t<div class=\"wpb_single_image wpb_content_element vc_align_center  vc_custom_1457458597000\">\n\t\t<div class=\"wpb_wrapper\">\n\t\t\t\n\t\t\t<a class=\"prettyphoto\" rel=\"prettyPhoto[rel-902-945917376]\" href=\"https:\/\/60tesoros.usal.edu.ar\/wp-content\/uploads\/2016\/03\/leart1.jpg\" target=\"_self\"><div class=\"vc_single_image-wrapper vc_box_rounded  vc_box_border_grey\"><img class=\"vc_single_image-img \" src=\"https:\/\/60tesoros.usal.edu.ar\/wp-content\/uploads\/2016\/03\/leart1.jpg\" width=\"530\" height=\"471\" alt=\"\" title=\"\" \/><\/div><\/a>\n\t\t<\/div>\n\t<\/div>\n<\/div><\/div><\/div><div class=\"vc_row wpb_row vc_row-fluid\"><div class=\"wpb_column vc_column_container vc_col-sm-12\"><div class=\"wpb_wrapper\">\n\t<div class=\"wpb_single_image wpb_content_element vc_align_center\">\n\t\t<div class=\"wpb_wrapper\">\n\t\t\t\n\t\t\t<a class=\"prettyphoto\" rel=\"prettyPhoto[rel-902-1234447089]\" href=\"https:\/\/60tesoros.usal.edu.ar\/wp-content\/uploads\/2016\/02\/Sin-t\u00edtulo-1-1024x576.jpg\" target=\"_self\"><div class=\"vc_single_image-wrapper   vc_box_border_grey\"><img width=\"1024\" height=\"576\" src=\"https:\/\/60tesoros.usal.edu.ar\/wp-content\/uploads\/2016\/02\/Sin-t\u00edtulo-1-1024x576.jpg\" class=\"vc_single_image-img attachment-large\" alt=\"\" decoding=\"async\" loading=\"lazy\" srcset=\"https:\/\/60tesoros.usal.edu.ar\/wp-content\/uploads\/2016\/02\/Sin-t\u00edtulo-1-1024x576.jpg 1024w, https:\/\/60tesoros.usal.edu.ar\/wp-content\/uploads\/2016\/02\/Sin-t\u00edtulo-1-300x169.jpg 300w, https:\/\/60tesoros.usal.edu.ar\/wp-content\/uploads\/2016\/02\/Sin-t\u00edtulo-1-830x467.jpg 830w, https:\/\/60tesoros.usal.edu.ar\/wp-content\/uploads\/2016\/02\/Sin-t\u00edtulo-1-230x129.jpg 230w, https:\/\/60tesoros.usal.edu.ar\/wp-content\/uploads\/2016\/02\/Sin-t\u00edtulo-1-350x197.jpg 350w, https:\/\/60tesoros.usal.edu.ar\/wp-content\/uploads\/2016\/02\/Sin-t\u00edtulo-1.jpg 1920w\" sizes=\"(max-width: 1024px) 100vw, 1024px\" \/><\/div><\/a>\n\t\t<\/div>\n\t<\/div>\n<\/div><\/div><\/div><div data-vc-full-width=\"true\" data-vc-full-width-init=\"false\" data-vc-stretch-content=\"true\" class=\"vc_row wpb_row vc_row-fluid vc_custom_1457458217293\"><div class=\"wpb_column vc_column_container vc_col-sm-12\"><div class=\"wpb_wrapper\"><!-- vc_grid start -->\n<div class=\"vc_grid-container-wrapper vc_clearfix\">\n\t<div class=\"vc_grid-container vc_clearfix wpb_content_element vc_basic_grid vc_custom_1457458615809\"\n\t\t data-vc-grid-settings=\"{&quot;page_id&quot;:902,&quot;style&quot;:&quot;pagination&quot;,&quot;action&quot;:&quot;vc_get_vc_grid_data&quot;,&quot;animation_in&quot;:&quot;&quot;,&quot;shortcode_id&quot;:&quot;{failed_to_get_id:\\&quot;vc_gid:1457376086219-473f5941247ca9c01ff904a9c61c6224-2\\&quot;}&quot;,&quot;items_per_page&quot;:&quot;6&quot;,&quot;auto_play&quot;:true,&quot;gap&quot;:30,&quot;speed&quot;:5000,&quot;loop&quot;:&quot;yes&quot;,&quot;animation_out&quot;:&quot;&quot;,&quot;arrows_design&quot;:&quot;vc_arrow-icon-arrow_02_left&quot;,&quot;arrows_color&quot;:&quot;chino&quot;,&quot;arrows_position&quot;:&quot;inside&quot;,&quot;paging_design&quot;:&quot;none&quot;,&quot;paging_color&quot;:&quot;grey&quot;,&quot;tag&quot;:&quot;vc_basic_grid&quot;}\"\n\t\t data-vc-request=\"\/wp-admin\/admin-ajax.php\"\n\t\t data-vc-post-id=\"902\"\n\t\t data-vc-public-nonce=\"6a97605ed4\">\n\t<\/div>\n<\/div><!-- vc_grid end --><\/div><\/div><\/div><div class=\"vc_row-full-width\"><\/div>\n","protected":false},"excerpt":{"rendered":"L\u2019art de perfectionner l\u2019homme ou de la m\u00e9decine spirituelle et morale En dos vol\u00famenes y editado en Par\u00eds en el a\u00f1o 1808, [...]","protected":false},"author":2,"featured_media":0,"parent":0,"menu_order":8,"comment_status":"closed","ping_status":"closed","template":"","meta":{"ngg_post_thumbnail":0},"_links":{"self":[{"href":"https:\/\/60tesoros.usal.edu.ar\/index.php\/wp-json\/wp\/v2\/pages\/902"}],"collection":[{"href":"https:\/\/60tesoros.usal.edu.ar\/index.php\/wp-json\/wp\/v2\/pages"}],"about":[{"href":"https:\/\/60tesoros.usal.edu.ar\/index.php\/wp-json\/wp\/v2\/types\/page"}],"author":[{"embeddable":true,"href":"https:\/\/60tesoros.usal.edu.ar\/index.php\/wp-json\/wp\/v2\/users\/2"}],"replies":[{"embeddable":true,"href":"https:\/\/60tesoros.usal.edu.ar\/index.php\/wp-json\/wp\/v2\/comments?post=902"}],"version-history":[{"count":8,"href":"https:\/\/60tesoros.usal.edu.ar\/index.php\/wp-json\/wp\/v2\/pages\/902\/revisions"}],"predecessor-version":[{"id":1466,"href":"https:\/\/60tesoros.usal.edu.ar\/index.php\/wp-json\/wp\/v2\/pages\/902\/revisions\/1466"}],"wp:attachment":[{"href":"https:\/\/60tesoros.usal.edu.ar\/index.php\/wp-json\/wp\/v2\/media?parent=902"}],"curies":[{"name":"wp","href":"https:\/\/api.w.org\/{rel}","templated":true}]}}