{"id":1162,"date":"2016-03-09T14:41:24","date_gmt":"2016-03-09T14:41:24","guid":{"rendered":"http:\/\/60tesoros.usal.edu.ar\/?page_id=1162"},"modified":"2016-03-09T17:08:51","modified_gmt":"2016-03-09T17:08:51","slug":"mythologie-du-buddhisme","status":"publish","type":"page","link":"https:\/\/60tesoros.usal.edu.ar\/index.php\/mythologie-du-buddhisme\/","title":{"rendered":"Mythologie du buddhisme&#8230;"},"content":{"rendered":"<div data-vc-parallax=\"1.5\" class=\"vc_row wpb_row vc_row-fluid vc_custom_1457365379932 vc_general vc_parallax vc_parallax-content-moving\"><div class=\"wpb_column vc_column_container vc_col-sm-6\"><div class=\"wpb_wrapper\"><h2 style=\"font-size: 20pt;color: #e2c790;text-align: left\" class=\"vc_custom_heading vc_custom_1457541535648\">Mythologie du buddhisme au Tibet et en Mongolie bas\u00e9e sur la collection Lama\u0308ique du Prince Oukhtomsky<\/h2>\n\t<div class=\"wpb_text_column wpb_content_element \">\n\t\t<div class=\"wpb_wrapper\">\n\t\t\t<p>Obra de Albert Gr\u00fcnwedel (1856-1935), arque\u00f3logo alem\u00e1n especialista en temas de India y T\u00edbet, <em>Mythologie du Buddhisme<\/em>\u2026 es un estudio acerca de la mitolog\u00eda budista. El volumen est\u00e1 basado en la colecci\u00f3n del pr\u00edncipe ruso Esper Esperovich Oukhtomsky (1861-1921), quien, como Ministro, viaj\u00f3 a Mongolia y a China: fue durante estos viajes que arm\u00f3 una gran colecci\u00f3n de arte chino y tibetano, de m\u00e1s de dos mil piezas, que lleg\u00f3 a presentarse en la Exposici\u00f3n Universal de 1900, en Par\u00eds. Con un prefacio del mismo Oukhtomsky, numerosas ilustraciones y un apartado con las transcripciones al franc\u00e9s de las escrituras orientales que se utilizan en el libro, <em>Mythologie du Buddhisme<\/em>\u2026 est\u00e1 dividido en tres cap\u00edtulos y un ap\u00e9ndice. En el primero, se explica el desarrollo del pante\u00f3n budista en la India. El segundo trata sobre su clero y sus santos, especialmente los del primer per\u00edodo del budismo en T\u00edbet. El tercer cap\u00edtulo lleva por t\u00edtulo \u201cLas divinidades\u201d y aporta detalles sobre las divinidades tutelares del T\u00edbet y sobre las divinidades locales. Hacia el final, en el ap\u00e9ndice, el autor lista las fuentes de las reproducciones y suma un ampl\u00edsimo glosario.<\/p>\n<p><strong>Mythologie du buddhisme au Tibet et en Mongolie bas\u00e9e sur la collection Lama\u0308ique du Prince Oukhtomsky \/ par Albert Grunwedel &#8230; ; avec une pr\u00e9face du Prince Oukhtomsky ; traduit de l&#8217;Allemand par Ivan Goldschmidt. Paris : Leroux, 1900. xxxvi, 247 p. : principalmente il. byn , frontispicio ; 28 cm. Colecci\u00f3n Quiles.<\/strong><\/p>\n\n\t\t<\/div>\n\t<\/div>\n<div class=\"vc_btn3-container  boton_borde vc_btn3-left\"><a class=\"vc_general vc_btn3 vc_btn3-size-md vc_btn3-shape-rounded vc_btn3-style-outline vc_btn3-icon-right vc_btn3-color-inverse\" href=\"http:\/\/60tesoros.usal.edu.ar\/index.php\/colecciones-particulares\/\" title=\"\" target=\"_self\">Volver a Colecciones Particulares <i class=\"vc_btn3-icon fa fa-share\"><\/i><\/a><\/div>\n<\/div><\/div><div class=\"wpb_column vc_column_container vc_col-sm-6\"><div class=\"wpb_wrapper\">\n\t<div class=\"wpb_single_image wpb_content_element vc_align_center  vc_custom_1457550049655\">\n\t\t<div class=\"wpb_wrapper\">\n\t\t\t\n\t\t\t<a class=\"prettyphoto\" rel=\"prettyPhoto[rel-1162-1883745226]\" href=\"https:\/\/60tesoros.usal.edu.ar\/wp-content\/uploads\/2016\/03\/tibet.jpg\" target=\"_self\"><div class=\"vc_single_image-wrapper vc_box_rounded  vc_box_border_grey\"><img class=\"vc_single_image-img \" src=\"https:\/\/60tesoros.usal.edu.ar\/wp-content\/uploads\/2016\/03\/tibet.jpg\" width=\"530\" height=\"471\" alt=\"\" title=\"\" \/><\/div><\/a>\n\t\t<\/div>\n\t<\/div>\n<\/div><\/div><\/div><div class=\"vc_row wpb_row vc_row-fluid\"><div class=\"wpb_column vc_column_container vc_col-sm-12\"><div class=\"wpb_wrapper\"><!-- vc_grid start -->\n<div class=\"vc_grid-container-wrapper vc_clearfix\">\n\t<div class=\"vc_grid-container vc_clearfix wpb_content_element vc_media_grid\"\n\t\t data-vc-grid-settings=\"{&quot;page_id&quot;:1162,&quot;style&quot;:&quot;all&quot;,&quot;action&quot;:&quot;vc_get_vc_grid_data&quot;,&quot;animation_in&quot;:&quot;zoomIn&quot;,&quot;shortcode_id&quot;:&quot;{failed_to_get_id:\\&quot;vc_gid:1457541483099-bc0827960ff8785acec3897b326a538a-10\\&quot;}&quot;,&quot;tag&quot;:&quot;vc_media_grid&quot;}\"\n\t\t data-vc-request=\"\/wp-admin\/admin-ajax.php\"\n\t\t data-vc-post-id=\"1162\"\n\t\t data-vc-public-nonce=\"7ad70e971e\">\n\t<\/div>\n<\/div><!-- vc_grid end -->\n\t<div class=\"wpb_text_column wpb_content_element \">\n\t\t<div class=\"wpb_wrapper\">\n\t\t\t<p style=\"text-align: center;\">Haga click en la imagen para agrandar<\/p>\n\n\t\t<\/div>\n\t<\/div>\n<\/div><\/div><\/div><div data-vc-full-width=\"true\" data-vc-full-width-init=\"false\" data-vc-stretch-content=\"true\" class=\"vc_row wpb_row vc_row-fluid vc_custom_1457440840599\"><div class=\"wpb_column vc_column_container vc_col-sm-12\"><div class=\"wpb_wrapper\"><!-- vc_grid start -->\n<div class=\"vc_grid-container-wrapper vc_clearfix\">\n\t<div class=\"vc_grid-container vc_clearfix wpb_content_element vc_basic_grid vc_custom_1457537344619\"\n\t\t data-vc-grid-settings=\"{&quot;page_id&quot;:1162,&quot;style&quot;:&quot;pagination&quot;,&quot;action&quot;:&quot;vc_get_vc_grid_data&quot;,&quot;animation_in&quot;:&quot;&quot;,&quot;shortcode_id&quot;:&quot;{failed_to_get_id:\\&quot;vc_gid:1457541483183-c7033d0382e7cda73589758e6366d8d9-3\\&quot;}&quot;,&quot;items_per_page&quot;:&quot;6&quot;,&quot;auto_play&quot;:true,&quot;gap&quot;:30,&quot;speed&quot;:5000,&quot;loop&quot;:&quot;yes&quot;,&quot;animation_out&quot;:&quot;&quot;,&quot;arrows_design&quot;:&quot;vc_arrow-icon-arrow_02_left&quot;,&quot;arrows_color&quot;:&quot;chino&quot;,&quot;arrows_position&quot;:&quot;inside&quot;,&quot;paging_design&quot;:&quot;none&quot;,&quot;paging_color&quot;:&quot;grey&quot;,&quot;tag&quot;:&quot;vc_basic_grid&quot;}\"\n\t\t data-vc-request=\"\/wp-admin\/admin-ajax.php\"\n\t\t data-vc-post-id=\"1162\"\n\t\t data-vc-public-nonce=\"7ad70e971e\">\n\t<\/div>\n<\/div><!-- vc_grid end --><\/div><\/div><\/div><div class=\"vc_row-full-width\"><\/div>\n","protected":false},"excerpt":{"rendered":"Mythologie du buddhisme au Tibet et en Mongolie bas\u00e9e sur la collection Lama\u0308ique du Prince Oukhtomsky Obra de Albert Gr\u00fcnwedel (1856-1935), arque\u00f3logo [...]","protected":false},"author":2,"featured_media":0,"parent":0,"menu_order":21,"comment_status":"closed","ping_status":"closed","template":"","meta":{"ngg_post_thumbnail":0},"_links":{"self":[{"href":"https:\/\/60tesoros.usal.edu.ar\/index.php\/wp-json\/wp\/v2\/pages\/1162"}],"collection":[{"href":"https:\/\/60tesoros.usal.edu.ar\/index.php\/wp-json\/wp\/v2\/pages"}],"about":[{"href":"https:\/\/60tesoros.usal.edu.ar\/index.php\/wp-json\/wp\/v2\/types\/page"}],"author":[{"embeddable":true,"href":"https:\/\/60tesoros.usal.edu.ar\/index.php\/wp-json\/wp\/v2\/users\/2"}],"replies":[{"embeddable":true,"href":"https:\/\/60tesoros.usal.edu.ar\/index.php\/wp-json\/wp\/v2\/comments?post=1162"}],"version-history":[{"count":2,"href":"https:\/\/60tesoros.usal.edu.ar\/index.php\/wp-json\/wp\/v2\/pages\/1162\/revisions"}],"predecessor-version":[{"id":1170,"href":"https:\/\/60tesoros.usal.edu.ar\/index.php\/wp-json\/wp\/v2\/pages\/1162\/revisions\/1170"}],"wp:attachment":[{"href":"https:\/\/60tesoros.usal.edu.ar\/index.php\/wp-json\/wp\/v2\/media?parent=1162"}],"curies":[{"name":"wp","href":"https:\/\/api.w.org\/{rel}","templated":true}]}}