{"id":1016,"date":"2016-03-08T12:06:47","date_gmt":"2016-03-08T12:06:47","guid":{"rendered":"http:\/\/60tesoros.usal.edu.ar\/?page_id=1016"},"modified":"2016-03-17T13:30:14","modified_gmt":"2016-03-17T13:30:14","slug":"la-pharsale-de-lucain","status":"publish","type":"page","link":"https:\/\/60tesoros.usal.edu.ar\/index.php\/la-pharsale-de-lucain\/","title":{"rendered":"La pharsale de Lucain"},"content":{"rendered":"<div data-vc-parallax=\"1.5\" class=\"vc_row wpb_row vc_row-fluid vc_custom_1457365379932 vc_general vc_parallax vc_parallax-content-moving\"><div class=\"wpb_column vc_column_container vc_col-sm-6\"><div class=\"wpb_wrapper\"><h2 style=\"color: #e2c790;text-align: left\" class=\"vc_custom_heading vc_custom_1457445882170\">La pharsale de Lucain<\/h2>\n\t<div class=\"wpb_text_column wpb_content_element \">\n\t\t<div class=\"wpb_wrapper\">\n\t\t\t<p>Es la versi\u00f3n y traducci\u00f3n francesa del poema narrativo Pharsalia, tambi\u00e9n conocido como De Bello Civili, escrito por Lucano. El ejemplar en dos vol\u00famenes que resguarda la Biblioteca Hist\u00f3rica de la USAL se destaca especialmente por sus grabados y su antig\u00fcedad: el libro fue impreso en 1766, en la ciudad de Par\u00eds, por la casa de edici\u00f3n Chez Merlin. Estructurado en diez libros, el poema La Farsalia se centra en la guerra civil entre Julio C\u00e9sar y Cneo Pompeyo Magno. Marco Anneo Lucano (39-65) fue un poeta romano nacido en la ciudad de Corduba, laureado siendo muy joven y obligado al suicidio a los veinticinco a\u00f1os en Roma, por el complot que llegar\u00eda a conocerse como la Conjura de Pis\u00f3n. Como obras perdidas, se le adjudican, entre otras, <em>Catachthonion<\/em>, <em>Epigrammata<\/em>, <em>Silvae<\/em>, <em>Saturnalia<\/em> y <em>Medea<\/em>. La traducci\u00f3n al franc\u00e9s de la presente edici\u00f3n estuvo a cargo de M. Marmontel, miembro de la Academia Francesa, y contiene diez planchas con grabados de Hubert-Fran\u00e7ois Bourguignon, m\u00e1s conocido como Gravelot (1699-1773), destacado grabador e ilustrador franc\u00e9s. El libro tambi\u00e9n incluye grabados de Duclos, De Ghendt, Le Mire, N\u00e9e, Rousseau y Simonet.<\/p>\n<p><strong>La pharsale de Lucain \/ traduite en fran\u00e7ois par M. Marmontel. Paris : Chez Merlin, 1766. 2 v. : il. ; 8\u00ba (19 cm.). La biblioteca tiene solamente el v.1.<\/strong><\/p>\n\n\t\t<\/div>\n\t<\/div>\n<div class=\"vc_btn3-container  boton_borde vc_btn3-left\"><a class=\"vc_general vc_btn3 vc_btn3-size-md vc_btn3-shape-rounded vc_btn3-style-outline vc_btn3-icon-right vc_btn3-color-inverse\" href=\"http:\/\/60tesoros.usal.edu.ar\/index.php\/colecciones-especiales\/\" title=\"\" target=\"_self\">Volver a Colecciones Especiales <i class=\"vc_btn3-icon fa fa-share\"><\/i><\/a><\/div>\n<\/div><\/div><div class=\"wpb_column vc_column_container vc_col-sm-6\"><div class=\"wpb_wrapper\">\n\t<div class=\"wpb_single_image wpb_content_element vc_align_center  vc_custom_1458049100280\">\n\t\t<div class=\"wpb_wrapper\">\n\t\t\t\n\t\t\t<a class=\"prettyphoto\" rel=\"prettyPhoto[rel-1016-899561668]\" href=\"https:\/\/60tesoros.usal.edu.ar\/wp-content\/uploads\/2016\/03\/la-pharsale1.jpg\" target=\"_self\"><div class=\"vc_single_image-wrapper vc_box_rounded  vc_box_border_grey\"><img class=\"vc_single_image-img \" src=\"https:\/\/60tesoros.usal.edu.ar\/wp-content\/uploads\/2016\/03\/la-pharsale1.jpg\" width=\"530\" height=\"471\" alt=\"\" title=\"\" \/><\/div><\/a>\n\t\t<\/div>\n\t<\/div>\n<\/div><\/div><\/div><div class=\"vc_row wpb_row vc_row-fluid\"><div class=\"wpb_column vc_column_container vc_col-sm-12\"><div class=\"wpb_wrapper\"><!-- vc_grid start -->\n<div class=\"vc_grid-container-wrapper vc_clearfix\">\n\t<div class=\"vc_grid-container vc_clearfix wpb_content_element vc_media_grid\"\n\t\t data-vc-grid-settings=\"{&quot;page_id&quot;:1016,&quot;style&quot;:&quot;all&quot;,&quot;action&quot;:&quot;vc_get_vc_grid_data&quot;,&quot;animation_in&quot;:&quot;zoomIn&quot;,&quot;shortcode_id&quot;:&quot;{failed_to_get_id:\\&quot;vc_gid:1457445832913-f815fc5a9eccec01b0ca16978680a149-6\\&quot;}&quot;,&quot;tag&quot;:&quot;vc_media_grid&quot;}\"\n\t\t data-vc-request=\"\/wp-admin\/admin-ajax.php\"\n\t\t data-vc-post-id=\"1016\"\n\t\t data-vc-public-nonce=\"185335da53\">\n\t<\/div>\n<\/div><!-- vc_grid end -->\n\t<div class=\"wpb_text_column wpb_content_element \">\n\t\t<div class=\"wpb_wrapper\">\n\t\t\t<p style=\"text-align: center;\">Haga click en la imagen para agrandar<\/p>\n\n\t\t<\/div>\n\t<\/div>\n<\/div><\/div><\/div><div data-vc-full-width=\"true\" data-vc-full-width-init=\"false\" data-vc-stretch-content=\"true\" class=\"vc_row wpb_row vc_row-fluid vc_custom_1457440840599\"><div class=\"wpb_column vc_column_container vc_col-sm-12\"><div class=\"wpb_wrapper\"><!-- vc_grid start -->\n<div class=\"vc_grid-container-wrapper vc_clearfix\">\n\t<div class=\"vc_grid-container vc_clearfix wpb_content_element vc_basic_grid vc_custom_1458049138862\"\n\t\t data-vc-grid-settings=\"{&quot;page_id&quot;:1016,&quot;style&quot;:&quot;pagination&quot;,&quot;action&quot;:&quot;vc_get_vc_grid_data&quot;,&quot;animation_in&quot;:&quot;&quot;,&quot;shortcode_id&quot;:&quot;{failed_to_get_id:\\&quot;vc_gid:1457445832994-6a77735fdc1612af321f04db56ec8c5b-7\\&quot;}&quot;,&quot;items_per_page&quot;:&quot;6&quot;,&quot;auto_play&quot;:true,&quot;gap&quot;:30,&quot;speed&quot;:5000,&quot;loop&quot;:&quot;yes&quot;,&quot;animation_out&quot;:&quot;&quot;,&quot;arrows_design&quot;:&quot;vc_arrow-icon-arrow_02_left&quot;,&quot;arrows_color&quot;:&quot;chino&quot;,&quot;arrows_position&quot;:&quot;inside&quot;,&quot;paging_design&quot;:&quot;none&quot;,&quot;paging_color&quot;:&quot;grey&quot;,&quot;tag&quot;:&quot;vc_basic_grid&quot;}\"\n\t\t data-vc-request=\"\/wp-admin\/admin-ajax.php\"\n\t\t data-vc-post-id=\"1016\"\n\t\t data-vc-public-nonce=\"185335da53\">\n\t<\/div>\n<\/div><!-- vc_grid end --><\/div><\/div><\/div><div class=\"vc_row-full-width\"><\/div>\n","protected":false},"excerpt":{"rendered":"La pharsale de Lucain Es la versi\u00f3n y traducci\u00f3n francesa del poema narrativo Pharsalia, tambi\u00e9n conocido como De Bello Civili, escrito por [...]","protected":false},"author":2,"featured_media":0,"parent":0,"menu_order":52,"comment_status":"closed","ping_status":"closed","template":"","meta":{"ngg_post_thumbnail":0},"_links":{"self":[{"href":"https:\/\/60tesoros.usal.edu.ar\/index.php\/wp-json\/wp\/v2\/pages\/1016"}],"collection":[{"href":"https:\/\/60tesoros.usal.edu.ar\/index.php\/wp-json\/wp\/v2\/pages"}],"about":[{"href":"https:\/\/60tesoros.usal.edu.ar\/index.php\/wp-json\/wp\/v2\/types\/page"}],"author":[{"embeddable":true,"href":"https:\/\/60tesoros.usal.edu.ar\/index.php\/wp-json\/wp\/v2\/users\/2"}],"replies":[{"embeddable":true,"href":"https:\/\/60tesoros.usal.edu.ar\/index.php\/wp-json\/wp\/v2\/comments?post=1016"}],"version-history":[{"count":6,"href":"https:\/\/60tesoros.usal.edu.ar\/index.php\/wp-json\/wp\/v2\/pages\/1016\/revisions"}],"predecessor-version":[{"id":1436,"href":"https:\/\/60tesoros.usal.edu.ar\/index.php\/wp-json\/wp\/v2\/pages\/1016\/revisions\/1436"}],"wp:attachment":[{"href":"https:\/\/60tesoros.usal.edu.ar\/index.php\/wp-json\/wp\/v2\/media?parent=1016"}],"curies":[{"name":"wp","href":"https:\/\/api.w.org\/{rel}","templated":true}]}}